s the units digit of i?
6
Let c = -33 - -63. Suppose -4*j + 5*j - c = 0. Suppose 6*h = h + j. What is the units digit of h?
6
Let l(n) = n + 14. What is the tens digit of l(7)?
2
Suppose 3*m - 5*m + 5*p + 20 = 0, 30 = 4*m - 5*p. Let h = 5 - m. Suppose -2 + h = -f. What is the units digit of f?
2
Let x(l) = 10*l + 30. Let j(p) = 2*p + 6. Let s(q) = 11*j(q) - 2*x(q). What is the units digit of s(8)?
2
Suppose -3*w = -5*w + 42. Suppose 2*c = -5*u - 4, -68 = 5*c + u - 3*u. Let z = w + c. What is the units digit of z?
9
Let r(y) = -2*y - 3 - 4 + 2. What is the units digit of r(-4)?
3
Let d(l) = l**2 + 6*l + 1. Let c be d(-6). Suppose -5*n = -6*n + 9. What is the units digit of 6/(-3) + c*n?
7
Suppose 8*y - 57 = 95. What is the units digit of y?
9
Suppose 0 = 14*f - 6*f - 976. What is the hundreds digit of f?
1
Let a be -1*(2 - -26) - -1. Let d be (-38)/(-9) - (-6)/a. Suppose 4*n = 2*h + 30, -h - 11 = -2*n + d*h. What is the units digit of n?
8
Let p be ((-1)/(-2))/(1/138). Let i be p/4 - 3/(-4). What is the units digit of (-7)/((-21)/i) - 2?
4
Suppose -3*y + y - 2 = 0. Let r be -15*y*(-4)/3. What is the units digit of ((-16)/(-10))/((-8)/r)?
4
Suppose 82 = 22*i - 21*i. What is the units digit of i?
2
Let r = -2 - 0. What is the units digit of (5/4)/(r/(-8))?
5
What is the units digit of (183 - -2)/5 + -1?
6
Let n be ((-3)/6)/((-2)/(-20)). Let i = n + 8. Suppose 3*m + i = 18. What is the units digit of m?
5
Let f(v) = -v**3 - 3*v**2 + 4*v. Let b be f(-5). Suppose -18 = 4*p + b. What is the units digit of p/(-8) + (-2)/(-4)?
2
Suppose -2*m - 1 = -3. What is the units digit of (8/(-16))/(m/(-36))?
8
Suppose -384 = -10*b - 4. What is the units digit of b?
8
Let b = -6 - -11. Suppose 0*y - b*y + 25 = 0, 3*y = 2*n + 3. What is the units digit of n?
6
Let n(a) = -2*a - 12. Let y(h) = h**3 + 11*h**2 + 9*h - 2. Let j be y(-10). Suppose 2*g - j = 3*g. What is the units digit of n(g)?
4
Let t = 283 - 9. What is the units digit of t?
4
Let r(y) = y**2 + 2*y + 8. What is the tens digit of r(-6)?
3
Let c = 5 + -3. Let w(a) = a**3 - 3*a**2 + 4*a - 3. Let t be w(c). What is the units digit of (-1)/t*(-8 + -3)?
1
What is the hundreds digit of 16/(-12)*-129 + -3?
1
Let j = 3 + -3. Suppose 2*t - 2 + j = 0. Let x(q) = 4*q**2 + 1. What is the units digit of x(t)?
5
What is the tens digit of (-4)/(-22) + 163/11?
1
What is the units digit of ((-48)/(-10))/(2/20)?
8
Let r(q) = -q**2 + 7*q + 6. Let g be r(7). Suppose -2*x = -6*x + 28. Let b = x - g. What is the units digit of b?
1
Suppose 12 = -2*j + 70. What is the tens digit of j?
2
Suppose -8*f = -3*f - 10. What is the units digit of f?
2
Let o(m) = 3*m**2 - 6*m**2 + m**3 + 2 + m - 2*m. Let b = 5 - 1. What is the tens digit of o(b)?
1
Suppose o - 6*o - 3*g = -54, -5*o + 3*g = -36. Let c(r) = -r + 19. What is the units digit of c(o)?
0
Let d(s) = s**2 - 10*s + 12. Let g(q) = 10*q**2 + q. Let u be g(-1). What is the units digit of d(u)?
3
Let c(w) = 58*w - 2. What is the hundreds digit of c(4)?
2
Suppose 0 = f - 0*q - 2*q - 6, -6 = -3*f + 3*q. Let g be 6/f*1/3. What is the units digit of g - (0 + -4*2)?
7
Let c be (0/(-5))/(2/(-2)). Suppose 0 = -2*m - c*m + 24. What is the tens digit of m?
1
Let d be (-3)/6 + (-2)/(-4). Suppose 0 = -3*y + 3, d = t + y - 6. Suppose -1 = -t*l + 4*l. What is the units digit of l?
1
Suppose 2*u - 3 = 7, 23 = -3*c + 4*u. What is the units digit of c + -1 + (2 - -17)?
7
Suppose -2*y = 2*u - 8, 3*y - 23 = -5*u - 7. Suppose -4*w = -y*n + 34 + 4, -4*w = -3*n + 59. What is the tens digit of n*(5/3 - 1)?
1
Let i be 8/(-20) + (-2)/(-5). Suppose 4*t = 3*t + 14. Suppose 2*y - 5*g = -i*y + t, -y = g. What is the units digit of y?
2
Suppose 28 - 4 = 3*c. Let i = -13 + c. Let a(h) = -2*h - 5. What is the units digit of a(i)?
5
Let s(u) = -u + 1. Let a be s(0). What is the tens digit of (21 + -3 + 5)/a?
2
Let b be 1 + 0 + (-1 - -4). Let h = b + -6. What is the units digit of (-2)/3*3/h?
1
Let s = 13 + -8. Suppose 5*p + s - 30 = 0. Suppose p*d - 14 = -3*i, -5*d + 2*i + 13 = -11. What is the units digit of d?
4
Suppose u - l = l + 4, 2*u + l = 8. Suppose 0 = 4*z - 3*b - 2*b - 44, 2*z + 4*b + u = 0. What is the units digit of z?
6
Let z(t) = 5*t**2 - 3*t - 3. Let q = 5 - 2. Let h be z(q). Suppose 4*m + 5*x - h = 0, 0 = -4*m + 3*m + 5*x + 2. What is the units digit of m?
7
Suppose 4*y - 670 = -y. What is the units digit of y?
4
Let d be (-4 - -9)*(-12)/(-10). Suppose -u + 5*o - 22 = -2*u, 0 = -2*o + d. What is the units digit of u?
7
Let v = 70 + -65. Let t = 0 + 0. Let b = t + v. What is the units digit of b?
5
Suppose -5*o = 4*v - 112 - 79, -2*v = -5*o - 73. What is the units digit of v?
4
Let c = -3 + 5. Let m be c/(-4)*12*-1. Suppose m - 3 = 3*x. What is the units digit of x?
1
What is the hundreds digit of 1123/5 - 1 - (-6)/(-10)?
2
Suppose -4*z = 3*t - 22, -14 = -3*z + 2*z - 5*t. What is the units digit of 54/z*(-4)/(-6)?
9
Suppose 36 = -g + 5*g. What is the units digit of g?
9
Let y(p) = -p**3 + 6*p**2 + 8*p - 1. Let f be y(8). Let j = 95 + f. What is the units digit of j?
0
Suppose 5*b + 36 = 4*v, -4*b + 7*b = 12. Let u = v - 8. Let z = u - 2. What is the units digit of z?
4
Suppose -11 - 21 = -i. What is the units digit of i?
2
Suppose -5*z = -5*a - 3 + 43, 0 = -4*a + z + 23. What is the tens digit of (10 - 0)*a/2?
2
Let q = 8 + -5. Suppose -i - 5 = q. Let w = i + 12. What is the units digit of w?
4
What is the units digit of -2 - ((-897)/27 - 2/(-9))?
1
Let d = 153 - -1. Suppose -3*i - d = -2*a + 2*i, 5*a = 3*i + 385. Suppose 7 - a = -5*x. What is the tens digit of x?
1
Let m be (1/3)/(-1)*-6. Suppose 0 = h - 10 + m. What is the units digit of h?
8
Let l(i) = -i + 23. Let v be l(16). Let p be -2*(-2)/4 - -1. Suppose p*z + 30 = v*z. What is the units digit of z?
6
Suppose 37 - 6 = 3*a + 5*t, -2*t + 10 = 0. What is the units digit of a?
2
Suppose -2*f - 3*f - 90 = 0. Let u = -32 - f. Let o = -6 - u. What is the units digit of o?
8
Let o(b) = -43*b**3 - 2*b**2 + b + 2. What is the tens digit of o(-1)?
4
Let d(x) = -x - 4. Suppose 3*m + 3 = 15. Suppose a - 2*w = -9, 37 = -m*a - a + 2*w. What is the units digit of d(a)?
3
Let x = 16 - 12. What is the units digit of x?
4
Let f(w) be the first derivative of w**2/2 + 2*w + 5. What is the units digit of f(6)?
8
Let q(w) = -14*w**3 - 2*w - 1. Let f be 2/9 - (-44)/(-36). What is the tens digit of q(f)?
1
Suppose -71*a + 75*a = 488. What is the hundreds digit of a?
1
Let l be (-32)/20*(-225)/6. What is the tens digit of 3/(2 - 111/l)?
2
Let q(i) be the third derivative of -i**6/15 + i**4/12 - 2*i**2. Let p be q(2). What is the units digit of (p/8)/((-6)/8)?
0
Let l(d) be the second derivative of -d**3/3 - 3*d**2/2 - 2*d. Let v be l(-4). Let b(q) = 2*q - 4. What is the units digit of b(v)?
6
Suppose 0*d = -4*q + 2*d + 34, -q + 4*d + 19 = 0. Suppose 2*n - 10 = 12. Let v = n + q. What is the tens digit of v?
1
Let y = -6 + 12. Suppose 13 = 5*o + 3*m, -y*o + o = m - 21. Suppose -t + 21 + 11 = 5*w, -2*t = -o*w - 4. What is the tens digit of t?
1
Let a = 0 - 0. Suppose k + 4*f - 14 = a, 4*f - f = -2*k + 23. What is the units digit of k/(-3)*48/(-20)?
8
Suppose 0*l + 3*l - 670 = -2*z, 0 = -2*l + 4*z + 420. What is the tens digit of l?
2
Let k be -4 - -5 - (-4 - 1). What is the units digit of (k/5)/((-4)/(-20))?
6
Suppose 3*h + 8 = -2*j, -4*j - 2*h - 10 = h. What is the units digit of 12*((-2)/j - 0)?
4
Suppose 4*z + z - 605 = 0. What is the tens digit of z?
2
Let h(y) = 3*y**2 - 7*y - 34. What is the units digit of h(-7)?
2
Let p(c) = -29*c**3 - 2*c - 3. What is the hundreds digit of p(-2)?
2
Suppose 8*b - 199 = 185. What is the tens digit of b?
4
Let y be ((-9)/5)/(1/(-5)). Suppose 0*f + y = f. What is the units digit of f?
9
Suppose -249 = -9*j + 6*j. What is the tens digit of j?
8
Let t be 2/(-1) - 0 - -2. Suppose t = 7*p - 2*p. Suppose -i + p*i + 1 = 0. What is the units digit of i?
1
Let i = -5 - -11. Suppose i*q - q - 5 = 0. What is the units digit of q?
1
Let t(i) = i**2 + 2*i + 1. Let s be t(2). Let b = 7 - s. What is the tens digit of 5/(-10) - 31/b?
1
Let x = 12 - 9. Suppose -16 = -4*m + q, q + 13 = -0*m + x*m. What is the units digit of m?
3
Let g = 11 - 8. Suppose 2 = -g*p + 5. What is the units digit of p?
1
Suppose -w - 329 = -4*i, i = 3*w - 0*w + 85